 - 12*o + 2834 = 0. What is the hundreds digit of o?
2
Let m(u) = -u**2 - 12*u - 23. Let r be m(-11). What is the units digit of (16/r)/(-2 + 1744/876)?
6
Let j be (-22)/187 + (-4)/(-34). Suppose -3*h + 533 - 84 = -5*w, 3*h + 2*w - 463 = j. What is the hundreds digit of h?
1
Suppose 4*k = 20, 2*r = -4*k + 2244 + 294. What is the tens digit of r?
5
Suppose -2*p + 3*u = -7*p + 9, 4*p = -4*u + 12. Suppose p = q - 17 - 64. What is the units digit of q?
1
Suppose 4*x = 2*x - 3*j + 166, -j + 4 = 0. What is the units digit of x?
7
Let u(d) = 7*d + 20. Let x be u(12). Let g = x + -57. What is the units digit of g?
7
Suppose 24*v = 16*v + 23544. What is the thousands digit of v?
2
Let m = 46 + -45. What is the units digit of -35 + 43 - (-2 + (m - 1))?
0
Let i = 75 - 33. Suppose q + 2 = 6. What is the units digit of (i/q)/((-3)/(-6))?
1
Let k be 18 + (-4 - -1) - 3. Let v = k + 24. What is the tens digit of v?
3
Suppose -464 = -144*g + 202*g. Let n(z) = -46*z - 26. Let j(p) = 9*p + 5. Let l(h) = -11*j(h) - 2*n(h). What is the units digit of l(g)?
3
Let o = 12 - 10. Suppose 0 = u - o*u - 5. Let v = 19 + u. What is the units digit of v?
4
Suppose q + 149 = 2*m + 2913, 0 = q - 5*m - 2767. What is the hundreds digit of q?
7
Suppose 0 = -5*q + 5*b + 15370, 48*q = 53*q - 4*b - 15374. What is the hundreds digit of q?
0
Suppose -3*k + 1 = -2*o - 4*k, 0 = k + 3. What is the units digit of 318/24 - o/4?
3
Let m = -136 + 94. Let x = -36 - m. What is the units digit of x?
6
Let n be (-42)/35*(-10)/3. Suppose -w = -2*q + 197, w - 478 - n = -5*q. What is the tens digit of q?
9
Let p(v) = 14*v**2 - v - v**3 - v**3 - 7*v. What is the units digit of p(6)?
4
Let t(n) = 12*n**2 - 2*n - 1. Suppose g = -0*g. Suppose -7 = -5*s + k + 4, g = -5*s - 2*k + 8. What is the units digit of t(s)?
3
Suppose 6*m = 2*m. Suppose -3*j = j + l + 3, m = -2*l + 2. Let f(r) = -52*r - 1. What is the tens digit of f(j)?
5
Let o(q) = -6*q**2 + 7*q - 1. Let k be o(-4). Suppose 0 = -0*u + 3*u + 540. Let h = k - u. What is the units digit of h?
5
Suppose 12 = 3*r - 0, q - 4*r = -14. Suppose -4*x + 87 + 7 = q*i, i + 73 = 3*x. What is the tens digit of x?
2
Let n(d) = 32*d**2 + 74*d + 15. What is the tens digit of n(7)?
0
Let o = -41 - -83. Let u be (-8)/20 - o/(-5). What is the tens digit of (u/20)/(1/75)?
3
Suppose 0 = -f + 5*u + 407, -3*f - 2*u + 1028 = -278. Let r = f - 249. What is the units digit of (3 + r/6)*2?
7
What is the units digit of 505260/270 - (-4)/(-3)?
0
Suppose 6*t + 456 = 9*t. Let l be t/36 - 4/18. Suppose m = 0, -4*m = l*u - 6*u + 72. What is the units digit of u?
6
Suppose 0 = -17*q + 22*q + 25. What is the tens digit of 1/(q + 272/54)?
2
Let d = -1 + 16. Let h be 5*6/d + 16. Let b = h - -44. What is the tens digit of b?
6
Suppose 134*t = 139*t - 650. What is the tens digit of t?
3
Let b(n) = -30*n**2 - 4*n - 2. Let r be b(-1). Let a = -3 - r. What is the units digit of a?
5
What is the tens digit of 343/(-98)*(-1 + -1589)?
6
Let a = -30 - -74. What is the units digit of a?
4
Let m = 486 - -43. What is the tens digit of m?
2
Let j = 1373 - 231. What is the thousands digit of j?
1
Let j(c) = -187*c + 312. What is the thousands digit of j(-13)?
2
Suppose -5*j = 276 - 1146. What is the hundreds digit of j?
1
Let m(q) = -12*q - 4. Let z(a) be the first derivative of 25*a**2/2 + 7*a - 7. Let r(b) = 7*m(b) + 4*z(b). What is the units digit of r(2)?
2
Let k = 147 + -143. Suppose 0 = -2*s - 10, k*l + 4*s - 950 = 6*s. What is the units digit of l?
5
Let v be 2*(1 + -2) + -12. Let i = -17 - v. Let c = i - -22. What is the units digit of c?
9
Let k be (-2 + -3)*12/15. Let f be (k/5)/((-8)/20). Suppose -f*s = -4*s + 64. What is the units digit of s?
2
Let u(n) = 14*n**2 - 4*n - 3. Let s(v) = 2*v + 13. Let r be s(-6). Suppose 4*c - 5*c + r = h, -2*c - 4*h = -8. What is the units digit of u(c)?
1
What is the hundreds digit of (-4 - -55)/(9/81)?
4
Suppose 4*z + 3 + 0 = -3*k, -k - 1 = 0. Suppose -2*n + 3*m = -5*n - 93, z = -4*m. Let l = n - -57. What is the units digit of l?
6
Let x(t) = -t**3 - 9*t**2 - 9*t - 8. Let j be x(-8). Suppose 5*b = -j*b + 35. Suppose 144 = -3*g + b*g. What is the tens digit of g?
3
Let y(w) be the second derivative of -2*w**3/3 + 37*w**2/2 + 22*w. What is the tens digit of y(-9)?
7
Let q(j) = j**2 - 2*j + 1. Let b be q(3). Suppose 24 = 4*n - 3*z, -4 - 15 = -n + 4*z. Suppose b*o + 5*f = 0, -n*f = o + 2*f + 15. What is the units digit of o?
5
Let p be 2/(-6 - 0)*-6. Let h(v) = 7*v - 3. Let g be h(p). Suppose -w + i + 6 = 0, w - 4*i + g = 2*w. What is the units digit of w?
7
Let y(w) = 2*w**2 + 4*w + 3. Let n be y(-3). Let p(b) = -10*b + b**3 + 7 + 4 - 15*b + 11*b - 7*b**2. What is the tens digit of p(n)?
4
Suppose 4*j - 102 = 502. What is the units digit of j?
1
Let l be -1*52/(-20)*5. Let n(w) = 3*w - 12. What is the units digit of n(l)?
7
Let o be 70/(-30) + 2/6. Let b be (-1)/o - 83/(-2). What is the tens digit of 679/b + (-1)/6?
1
Let t be (2 - 2)/3*1. Suppose 0 = -t*b + 5*b - 25. Suppose 3*l = 5*x + 80, 2*x + 142 = b*l - 2*x. What is the units digit of l?
0
Suppose 0*b - b + 1225 = 5*p, -3*b = 15. Let t = p + -143. What is the units digit of t?
3
Let j be (-2)/(-7) + 774/(-63). Let l be (13*6)/((-8)/j). Suppose -2*a = 2*w - 50, -6*w - a + l = -w. What is the units digit of w?
3
Suppose 0 = i + 3*r - 502, 4*r + 467 = 5*i - 4*i. What is the hundreds digit of i?
4
Let h(g) = 2*g**3 + 10*g**2 + 6*g - 7. Let y be h(-7). Let u = y + 425. Suppose 5*t = 5*j - u, -3*j + 7*j + 5*t = 162. What is the tens digit of j?
3
What is the thousands digit of (8414 + -2)*(-12)/576*-16?
2
Let k(l) = 36*l**2 - 7*l + 47. What is the units digit of k(4)?
5
What is the hundreds digit of (10/20)/((-3)/(-5802))?
9
Let x = 490 - 91. What is the units digit of x?
9
Let c(s) = -s**3 - 8*s**2 - 13. Let n be c(-9). Let r = n + -2. Let o = r - 34. What is the units digit of o?
2
Suppose 2*n = -10*x + 7*x + 836, -1254 = -3*n + 2*x. What is the units digit of n?
8
Let i(f) = -162*f - 22. Let y be i(-4). Suppose y = 4*x + 2*z, -5*z + z = -5*x + 789. What is the hundreds digit of x?
1
Let d = -335 - -666. Let c = -204 + d. What is the units digit of c?
7
Let x = 8 + 23. Let n = x - -106. What is the hundreds digit of n?
1
Suppose 5*s + f - 6181 = 0, -4*s + 2*f + f = -4960. What is the units digit of s?
7
Suppose -4*b + 4 = 5*i, 5*i - 4*b = -3*b + 24. Let j(k) = 4*k + i*k**2 - 3*k**2 + 2 - 2*k**2. What is the units digit of j(4)?
2
Suppose -114 = 3*v - 4*i, 3*v = -3*i - 2*i - 141. Let l be (14/4)/(7/v). What is the tens digit of (-1 - l)/((-1)/(-1))?
2
Suppose -2*b + 4 = -0. Suppose -3*z - 5*w + 3 = -b*w, 3*z + 3 = -5*w. Suppose 2*n = -2*p + 92, z*p + 3*n + 0*n - 180 = 0. What is the units digit of p?
2
Suppose -3*h + 6*h = -3*i + 13089, 0 = -5*i + 5*h + 21835. What is the thousands digit of i?
4
Suppose 3091 = -14*k + 10343. What is the tens digit of k?
1
Let h(k) = 3*k**2 - 2*k - 6. Let j be (13/13)/((-2)/(-8)). Let p be 0 + (15 - -1)/j. What is the tens digit of h(p)?
3
Let k be 26 - (-4 - (-4 + 0)). Suppose -163 = -3*x + k. What is the units digit of x?
3
Suppose -3*j - 2*s = 3*s + 1, 2*s = -j. Let v = j - -11. What is the units digit of v?
9
Let r = -9 - -17. Suppose -2*n + r = 0, 4*n + 58 = -2*o + 272. Let x = -44 + o. What is the units digit of x?
5
Suppose 0 = 2*v - 3*v. Suppose v = 5*b + 3 - 18. Let r = 10 + b. What is the units digit of r?
3
Suppose -5*v - 9 = -2*z - 2*v, 2*v = z - 4. What is the hundreds digit of (-171)/z*39*6/(-27)?
2
Suppose -9*k = -4*k - 250. Suppose d = 15 + k. What is the units digit of d?
5
Let c = 5140 + -2413. What is the units digit of c?
7
Let z(f) = 6*f**2 - 13*f + 6. What is the tens digit of z(10)?
7
Let a = 114 + -187. Let w = 172 + a. What is the tens digit of w?
9
Let u = -410 + 732. What is the hundreds digit of u?
3
Let y(a) = -11*a - 7. Let n be y(-1). Suppose -3*k + 4*u + 13 = 0, -n*u + 2*u - 34 = -4*k. What is the units digit of k?
1
Let t = -50 + 166. Suppose 0 = -2*j - 4, 2*q - 3*j + 0*j = t. What is the units digit of q?
5
Let r = -1214 - -1750. What is the units digit of r?
6
Let h = 3 - 133. Let v = h - -194. Suppose v = -4*o + 6*o. What is the units digit of o?
2
Suppose -4*k + 332 = i, 0 = -3*i - 0*k - k + 1051. What is the units digit of i?
2